 base 5, what is -241 - 114?
-410
In base 7, what is 11 + -4?
4
In base 3, what is 11 - 220020?
-220002
In base 16, what is da + 4?
de
In base 9, what is -3 + -154?
-157
In base 9, what is -424 + 4?
-420
In base 16, what is -e - 145?
-153
In base 5, what is 0 + 20030?
20030
In base 2, what is -11110100111 - -1?
-11110100110
In base 16, what is -4 - -d1?
cd
In base 3, what is -10 - -10121?
10111
In base 8, what is 246 - 5?
241
In base 8, what is 27 + -242?
-213
In base 4, what is 23 + -12011?
-11322
In base 12, what is -35 - -20?
-15
In base 7, what is -5 + 1003?
665
In base 7, what is 2 - -3331?
3333
In base 10, what is -3 - 1176?
-1179
In base 8, what is -237 + -1?
-240
In base 13, what is 71 + -30?
41
In base 2, what is 1111011101 + 100?
1111100001
In base 7, what is -2006 + -13?
-2022
In base 7, what is -613 - 2?
-615
In base 10, what is 11 - 506?
-495
In base 2, what is 100000010010 + -101?
100000001101
In base 9, what is 3 - 484?
-481
In base 6, what is -31 + -1021?
-1052
In base 9, what is -570 + 4?
-565
In base 2, what is -10101111000110 + -100?
-10101111001010
In base 6, what is 43 + 3001?
3044
In base 4, what is 13312 - 110?
13202
In base 11, what is -7 + -20a?
-216
In base 13, what is -5 + -477?
-47c
In base 3, what is 1200 + 11?
1211
In base 14, what is 130 + -a?
124
In base 3, what is -2110 + 12?
-2021
In base 2, what is 10 - 1000110010110?
-1000110010100
In base 14, what is 21 - -3d?
60
In base 15, what is d - 367?
-359
In base 2, what is 11010 + 1011100?
1110110
In base 11, what is 17 - a?
8
In base 11, what is 2a - -4?
33
In base 6, what is 3052 + -15?
3033
In base 3, what is -100 - 1010?
-1110
In base 11, what is 52 - -3?
55
In base 7, what is -101 + 16?
-52
In base 14, what is -23 + -2?
-25
In base 13, what is 0 + -4?
-4
In base 10, what is 4 + 34?
38
In base 11, what is 527 - 10?
517
In base 7, what is -4 - 2403?
-2410
In base 3, what is -2122111200 + 2?
-2122111121
In base 10, what is -35 - 8?
-43
In base 8, what is 2 + -4137?
-4135
In base 11, what is -11 + -19?
-2a
In base 11, what is -90 + 5?
-86
In base 7, what is -3021 + 3?
-3015
In base 4, what is -11032 - 11?
-11103
In base 11, what is 1 - -55?
56
In base 7, what is -4 - 54?
-61
In base 6, what is -3151 - 3?
-3154
In base 10, what is -3 + -455?
-458
In base 15, what is 2 - -38e?
391
In base 6, what is 15 + 30?
45
In base 5, what is -3233002 - -2?
-3233000
In base 7, what is -13 + -24?
-40
In base 7, what is 16 + 10023?
10042
In base 16, what is -6c + -13?
-7f
In base 14, what is -2 + 334?
332
In base 3, what is -1122 + 20?
-1102
In base 2, what is 1000001110 - -10?
1000010000
In base 16, what is dd + 3?
e0
In base 13, what is -27 - -c?
-18
In base 14, what is d8 + 55?
14d
In base 7, what is -5 - 32?
-40
In base 2, what is 100010100100 + 100?
100010101000
In base 11, what is -1 - 106?
-107
In base 9, what is 1862 + -1?
1861
In base 12, what is 2 + 21?
23
In base 2, what is -1 + 10010101011?
10010101010
In base 13, what is 5 - -70b?
713
In base 3, what is 1000 + -2?
221
In base 16, what is 2 - 2c?
-2a
In base 14, what is 2a3 + 4?
2a7
In base 14, what is da + 3?
dd
In base 9, what is -2 - 40?
-42
In base 8, what is -164 + 70?
-74
In base 13, what is 8 - 67?
-5c
In base 5, what is -2232 - 22?
-2304
In base 13, what is -1 - 68?
-69
In base 11, what is -202 + 1?
-201
In base 16, what is -2 - -233?
231
In base 15, what is 2 + 208?
20a
In base 16, what is -260 + a?
-256
In base 10, what is 20 - 46?
-26
In base 7, what is -20 + 34?
14
In base 14, what is -31 + -3?
-34
In base 4, what is 110110 + 0?
110110
In base 2, what is -111010000 + -100?
-111010100
In base 6, what is 5 - 231?
-222
In base 2, what is 110000111 - 11?
110000100
In base 2, what is 1 - -11000110?
11000111
In base 16, what is -6 - -1b?
15
In base 6, what is -1 + 234?
233
In base 2, what is -1111 + 11111111?
11110000
In base 13, what is 38 - -5?
40
In base 10, what is -144 - 84?
-228
In base 9, what is -130 + 82?
-37
In base 10, what is -1 + 117?
116
In base 14, what is 4 - 14?
-10
In base 11, what is 5 + 792?
797
In base 10, what is 4830 - 5?
4825
In base 5, what is 24431 + 3?
24434
In base 15, what is 4 - 1?
3
In base 13, what is 17 - 1a?
-3
In base 5, what is 3 - 243?
-240
In base 9, what is 30881 + -4?
30876
In base 8, what is 4553 + -4?
4547
In base 9, what is -1 - -17?
16
In base 2, what is 100 - 1111?
-1011
In base 15, what is 3 + -10?
-c
In base 11, what is 2 + -6a9?
-6a7
In base 12, what is 527 + -6?
521
In base 7, what is -14 + 345?
331
In base 2, what is -1010 + 111?
-11
In base 6, what is 320 - 2?
314
In base 2, what is -110011111 - -10?
-110011101
In base 12, what is 4 + -509?
-505
In base 2, what is 1011010000 + -101?
1011001011
In base 3, what is 100022 - -10?
100102
In base 10, what is 0 + -4142?
-4142
In base 5, what is -11 + 34002?
33441
In base 5, what is -1 + 223?
222
In base 2, what is -11000000001101 - 0?
-11000000001101
In base 3, what is 101212 + 11?
102000
In base 11, what is -37 - -12?
-25
In base 15, what is 24 - 6?
1d
In base 11, what is -247 + 0?
-247
In base 11, what is -5 + -112?
-117
In base 8, what is -7 - -347?
340
In base 7, what is 5416 - -4?
5423
In base 15, what is 53e + 2?
541
In base 2, what is -100 - 1011011?
-1011111
In base 7, what is 0 - 4134?
-4134
In base 10, what is -90 - -12?
-78
In base 2, what is -101 + 1011000001010?
1011000000101
In base 7, what is 3662 - 3?
3656
In base 9, what is 3 - -1632?
1635
In base 16, what is -11 - -16?
5
In base 7, what is -131 - 113?
-244
In base 4, what is 0 + 100?
100
In base 9, what is -5 - 2701?
-2706
In base 13, what is -9 + 4?
-5
In base 10, what is -2 + -78?
-80
In base 15, what is -1e7 - 2c?
-224
In base 7, what is 25 + 52?
110
In base 13, what is -1 + -4c?
-50
In base 6, what is -1241 + 3?
-1234
In base 2, what is -110110011 - 110?
-110111001
In base 11, what is -a + 70?
61
In base 14, what is 5b0d + -3?
5b0a
In base 2, what is 1 - 1?
0
In base 10, what is 821 + -7?
814
In base 4, what is -10 + -13011?
-13021
In base 11, what is -42 + 52?
10
In base 2, what is -10001 + 10110?
101
In base 10, what is 3900 - -5?
3905
In base 8, what is 6 - 2?
4
In base 8, what is -64 + 2?
-62
In base 10, what is -6 + 164?
158
In base 16, what is 1 - -13?
14
In base 5, what is 4200 - 3?
4142
In base 7, what is -1 + -3466?
-3500
In base 14, what is -3 + -104?
-107
In base 3, what is 2 - 10200?
-10121
In base 10, what is 3 + 1601?
1604
In base 13, what is 36 - 4?
32
In base 12, what is -2 + -50?
-52
In base 15, what is 8 - -37?
40
In base 11, what is 574 - -5?
579
In base 3, what is -10210 + -21?
-11001
In base 8, what is 1304 - 0?
1304
In base 12, what is -6 + -4?
-a
In base 9, what is -117 - 65?
-183
In base 9, what is 102 - -8?
111
In base 5, what is -2 - 21?
-23
In base 14, what is 0 + -2b5?
-2b5
In base 5, what is 303 - -12?
320
In base 8, what is 4 + 1217?
1223
In base 16, what is 2 + 2c?
2e
In base 11, what is 5 - -3102?
3107
In base 11, what is -3 + -1934?
-1937
In base 8, what is 1 + -47?
-46
In base 16, what is -119 + 1?
-118
In base 8, what is 113 - -32?
145
In base 2, what is 101011110 - 11?
101011011
In base 10, what is -1234 - 0?
-1234
In base 15, what is -3 + 4c?
49
In base 9, what is 5 - -57?
63
In base 7, what is 2 - -1261?
1263
In base 14, what is -3 + -2816?
-2819
In base 4, what is -1003 + -12?
-1021
In base 11, what is 4 - -1061?
1065
In base 2, what is 11010 + 10001011?
10100101
In base 5, what is -313 - 112?
-430
In base 3, what is 1000 + -20020?
-12020
In base 9, what is 433 + -35?
387
In base 5, what is 1014 + 2?
1021
In base 6, what is 4 + -122?
-114
In base 11, what is 4 - -15a?
163
In base 5, what is -112 - -102?
-10
In base 9, what is -185 - -3?
-182
In base 6, what is -122215 + -3?
-122222
In base 11, what is 5 + -149?
-144
In base 15, what is -2 + -5e?
-61
In base 16, what is 4 + -1c?
-18
In base 9, what is 285 - 60?
225
In base 13, what is -7 - 997?
-9a1
In base 15, what is 3 - -12?
15
In base 11, what is -23a - -4?
-236
In base 8, what is 2 - -264?
266
In base 12, what is -24 - -6?
-1a
In base 13, what is -4 - -2a4?
2a0
In base 4, what is 0 + 3202?
3202
In base 11, what is 17 - -949?
965
In base 4, what is 11 + 2112?
2123
In base 7, what is -10 - -104?
64
In base 12, what is -171 + 5?
-168
In base 8, what is 1